hat is (5 - (22 - -4)) + 11 + (-9 - -2)?
-17
-8 - (-7 - (8 + -2)) - (-4 + -3)
12
What is the value of (8 - (13 + -12)) + -2?
5
Evaluate (-3 - -1 - -7) + -1 - (26 + -31).
9
7 - 1 - (0 + 9 + -2 + -5)
4
What is -13 - (-20 + 20 + -4)?
-9
Calculate (-593 - -606) + (-15 - -1).
-1
What is the value of (-21 - (-23 + 4)) + 18 + 16?
32
-1 + 6 + (4 - (-4 + 14)) + 2
1
What is 9 + 32 - (28 + -14)?
27
Evaluate (24 - 27) + (1 - -9).
7
Calculate (-50 - -51) + (2 - 6).
-3
Calculate -4 + (1 - 1 - 5) + (-36 - -53).
8
What is -5 + (5 + -2 - -4) + 2?
4
What is the value of 0 + -8 + (5 - -1 - (10 - -5))?
-17
-33 - (-15 - -22 - -6 - 13)
-33
(-2 - -4) + (-6 - 10 - -8)
-6
Calculate (12 - 1) + (-15 - 25) + 16.
-13
Evaluate 1 - -14 - (4 - -7).
4
6 + (-6 - 4) - 2 - -3
-3
Evaluate 24 - 52 - -25 - (-5 + -1).
3
-4 + 10 + -12 + 7 + 10
11
Calculate (3 - 18) + -1 + 12.
-4
Calculate 29 - (31 - (4 - -8)).
10
What is the value of (-6 - -8) + 4 + (-9 - 1) + -1?
-5
Calculate 6 + -5 + -1 - -8.
8
What is (1 - 3 - (2 + -12)) + -5409 + 5404?
3
(-5 - -5) + -2 - -14
12
Evaluate (23 - 25) + (16 - -10).
24
(-2 - (0 - 9)) + -10 - -8
5
What is -15 + (49 + -33 - -11)?
12
What is the value of -46 + 37 - ((4 - 6) + 3)?
-10
Calculate 16 + (1 - (-10 + 6)) + 0.
21
What is the value of -4 - (-11 - (9 + -3))?
13
Evaluate -34 + 38 - (16 + 3) - (-1 + 3).
-17
Calculate 34 - (27 + 26 + -27).
8
Calculate 24 + (42 - 78) + 22.
10
-7 - (13 - 24) - (-10 + -2)
16
Calculate 30 + (6 - 7 - 6) - (3 - -3).
17
40 + (6 + -13 - 8) - (-2 + -1)
28
What is the value of (3 - (-5 - (-2 + -2)) - 5) + 4?
3
Evaluate -9 + (0 - -1) + (-23 - -10) + 18.
-3
Evaluate -106 + 104 + -1 + 0.
-3
5 - ((-10 - (-3 - -1)) + -3)
16
What is the value of (10 + 0 - 2 - (-64 - -60)) + -2?
10
Calculate -1 + (7 + -9 - -3) + 2.
2
Calculate -2 - (-4 + 7 + 0 + -3).
-2
-1 + 2 - (-92 + 96)
-3
Evaluate -5 + ((8 - (7 + 0)) + -8 - -4).
-8
-11 - -1 - (563 + -558)
-15
What is (47 - (-102 + 159)) + 0 + (1 - 16)?
-25
Evaluate (-9 + 9 - 1) + (10 - (-16 + 20)).
5
Evaluate (7 + (-4 - 4) - (-33 - -21)) + -17.
-6
Evaluate -19 + 53 + -13 - (16 - 5).
10
(7 - (4 + -2 - -3)) + -10
-8
Calculate -19 + (11 - 22) + 41.
11
Calculate 31 + (9 - (16 + 5 + -11)).
30
Evaluate -11 - -2 - (44 + -21 + -50).
18
-11 + (13 - 2) + -5
-5
Calculate -10 + 15 - (3 - -2).
0
24 - (-3 + -36 - -32)
31
Calculate -2 - -3 - -5 - (-5 - -6 - -7).
-2
Evaluate 98 + -77 - (1 - -16).
4
(-7 + 13 - -5) + 0 + (0 - 6)
5
Calculate (-10 - (-11 + 7 + 6)) + 4.
-8
Evaluate -9 + (45 - 20 - 26).
-10
Evaluate 30 + (22 + -25 - (4 - 0)).
23
What is the value of -3 + 3 + 14 + 3 + -6?
11
-3 + (12 - 4) - (-3 - (1 + -17))
-8
Calculate 23 + -11 - 25 - -9.
-4
Calculate (1 + 26 - 18) + (2 - 19).
-8
What is 27 + (-11 - -3) + -36?
-17
-1 + ((10 - -8) + 1 - 9) + 2
11
Evaluate 10 + -7 - ((-3 - (-7 + 6)) + 9).
-4
What is the value of -16 + 3 + -1 + (1 - 11) + 6?
-18
Calculate -21 - (-41 + 13) - (-1 + -6 + 1).
13
Calculate (-32 + 21 - -26) + -21.
-6
Calculate 9 + -1 + 9 + 12 + -33 + 5.
1
What is the value of 2 + -10 + -1 + 4 + -4?
-9
(7 - -2) + -2 + -16 + -3 + 27
15
(30 - 4) + -25 + (-1 - 0 - -8)
8
Evaluate -1 - 0 - (-14 + 21 - 15).
7
4 - (-4 + 3 + (-7 - -1))
11
Calculate 0 + -27 - (-231 + 208).
-4
10 + (20 - -3 - 8)
25
What is (-7 + 6 - (-6 + 11 + -7)) + -8?
-7
What is -2 + 2 + -2 + -13 + 12 + 6?
3
What is the value of -2 - ((-4 - (7 + -1)) + 3)?
5
Evaluate 9 + -3 + -3 + -5 + 4 - 2.
0
What is the value of (0 - -22) + (3 - (2 + -8)) + -10?
21
What is (53 - 65 - (4 + -9)) + -1 + 38?
30
What is (4 - (6 + 0 + 6)) + (-1 - 15)?
-24
What is the value of 6 + 2 + -2 + 0 - 4 - 12?
-10
Evaluate -4 + 27 + -45 + 24.
2
Calculate -40 + (-35 - (34 + -90)).
-19
What is 4 + 1 + (7 - (13 + -1))?
0
19 - 2 - 14 - 17
-14
(4 + 1 - (2 - (7 - 18))) + -4
-12
What is the value of 3 - (1 - 0) - (-8 - (6 - 11))?
5
Evaluate 8 + -3 + 9 + 0 + -1 + -20.
-7
Calculate (-3 - 0) + 14 - ((-12 - -19) + -3).
7
Evaluate (-2 - 6) + -7 + (11 - 4) + 21.
13
What is 18 - (-5 + (16 + -6 - 2) - -6)?
9
Evaluate (0 + 8 - (17 - 10)) + 5.
6
What is 22 + (13 + -16 + 11 - 21)?
9
What is (1 - 2) + -18 - (-800 + 801)?
-20
Calculate 4 - 8 - -1 - -14.
11
Calculate 8 - (-10 - 0 - -7) - -2.
13
Evaluate (-3 - 13) + -1 + 5.
-12
Calculate (17 - (-25 - -10)) + -33.
-1
11 - -5 - ((7 - 3 - 2) + 4)
10
Calculate -17 - -2 - -19 - (-1 - (1 - 8)).
-2
What is the value of (3 - -1) + (-6 + -2 + 1 - -2)?
-1
Evaluate 14 - (10 + 0 - (19 + -10 - 8)).
5
Evaluate (-2 - -8) + (3 - (-17 - -11)) + -7.
8
3 - 8 - (-11 + 24 - 17)
-1
What is (9 - -15) + -11 + 5?
18
Evaluate -3 + (6 + 12 - -13 - 6).
22
-1 - 12 - -1 - (46 - (99 + -60))
-19
What is the value of 5 - 35 - -7 - -14?
-9
What is the value of (16 - (-2 + 20)) + 11?
9
(-2 - (-6 - -9) - -7) + 8
10
25 + (-19 - -9) + 12 - -6 - 7
26
Calculate 333 + -327 - (-8 - 0).
14
What is 12 - 1 - (-1 + 18 + -1)?
-5
Calculate -2 - (-4 - -3) - 2 - (-312 - -323).
-14
Calculate 7 - (-1 + 0 - (2 + (2 - 6))).
6
Calculate (-1 - (7 - -1 - 8)) + (0 - -12).
11
Calculate -24 - (8 + (-20 - 2)).
-10
Evaluate -7 - (-8 - (-7 + 1)) - (-3 - -12).
-14
Evaluate 0 - (7 - 21 - -16).
-2
What is the value of (-2 - -15 - -2) + (-40 - (-19 + -11))?
5
Calculate (-9 - -5) + 6 - (-3 - -4) - 1.
0
(20 - 41 - -16) + -6
-11
What is -32 + 84 + -46 - (17 + 1)?
-12
What is the value of -2 - -3 - (4 - -21 - 34)?
10
What is the value of 1 - (-21 - -9 - -4)?
9
Calculate 8 - (3 + -5 - (-35 + 38)).
13
513 + -512 - (1 - 1)
1
What is -7 - ((5 - (5 - 2)) + -8)?
-1
What is the value of (5 - (-10 + 7)) + -6 + -2?
0
Evaluate -36 - (16 - ((7 - -7) + 15)).
-23
Calculate (-5 - 30) + 24 + 18.
7
-2 + (10 - (8 + -12)) + (2 - 8)
6
((-2 - -2) + 12 - 3) + -4
5
What is -1 + -7 - (73 - 79) - -18 - 0?
16
What is -22 - (4 + 5 + -19)?
-12
What is the value of -12 + -11 + 34 - -5 - 6?
10
Evaluate 30 + 2 - (130 + -95).
-3
11 - ((15 - (0 + -7)) + -12)
1
What is the value of 4 + (-8 - -4) - ((1 - -8) + 0)?
-9
What is 37 - 46 - (0 - ((1 - 3) + 1))?
-10
What is 25 - 2 - (-288 - -316)?
-5
Evaluate -38 + (-3 - -54 - 30).
-17
Evaluate -25 - (-2 - 12) - -14.
3
What is the value of (-29 - -16) + (-2 - 6 - 3)?
-24
What is the value of (8 + -8 + -2 - -1) + -4?
-5
Evaluate 3 - -19 - (-49 - -44).
27
Evaluate (26 - 50) + 6 + 33.
15
What is the value of 7 - (26 - (2 - 5 - -11))?
-11
What is the value of 9 + -4 + -12 - 1?
-8
What is -19 + 16 + 19 - 12?
4
What is 2 + (7 - (-1 + 13 + (71 - 68)))?
-6
(16 - 13) + 18 + 6
27
Evaluate 1 - -11 - 0 - (37 - (45 + -13)).
7
(24 - 1) + (-1 - (-10 - -12))
20
Calculate -3 + (-6 - 6) + 7 + (1 - 0).
-7
Evaluate (24 - 11) + (-12 - -2).
3
Calculate 0 - (-22 - -1) - (-12 - (-22 + 7)).
18
Evaluate (-10 + 5 - (0 + 0)) + 0.
-5
What is -32 + (15 - 6) + 25?
2
2 - 5 - (-4 + 12 + (-1 - 4))
-6
Calculate 5 + 52 + -29 + (2 - 5) + 3.
28
Calculate -6 + (-3 - (-10 + 5)) + -5 + 6.
-3
Calculate 11 - 18 - ((-9 - 5) + 22).
-15
What is 125 + -142 - (-18 - -2)?
-1
-33 - (65 + -85) - (11 + 2)
-26
Calculate 18 - ((-20 - -19) + (-1 - -4)).
16
What is the value of 14 + (26 - 14 - 13) + 4 + 3?
20
What is 8 + -4 + -15 + -3 + 9?
-5
What is 47 + -13 + -7 + -7?
20
(1 + -1 - -2) + -45 + 64
21
What is the value of (1 + 1 + 3 - 7) + 17 - 6?
9
Evaluate 12 + -20 + (8 - -10).
10
What is the value of 0 + (20 - 14) - -6?
12
Calculate -2 - -1 - -6 - (-9172 + 9186).
-9
Calculate 3 - 13 - (23 + -3 - 9).
-21
What is -1928 + 1909 - (1 - (1 + 21))?
2
What is the value of 27 - 33 - (0 + -2 - (-2 - 2))?
-8
What is the value of 12 + -2 + (-52 - -64)?
22
What is -20 + (4 - 2) + (-4 - -52)?
30
Evaluate 19 - (51 + -28) - (0 - -10).
-14
-11 + 17 + -12 - 3
-9
Evaluate -4 + 7 + 5 + -4 + -3.
1
What is the value of 134 + -140 - (-1 - 1)?
-4
Evaluate 1 + -5 - (-62 - -79).
-21
What is (15 - 3) + -13 - (-3 + 2)?
0
What is 7 + 10 + 11 + -29 - 10?
-11
Evaluate (-5 - 0) + 6 + -8 + 7 + -21.
-21
Evaluate (-4 - 6 - (-32 + 44)) + (1 - 1).
-22
2 + -7 - 4 - -24 - 6
9
Evaluate -9 + -5 + 11 + -6 + -3 + 10.
-2
Calculate -4 + (6 - (7 + -2) - -5) + -12.
-10
Evaluate -1 - (-11 - -21 - 19).
8
Calculate 3 + (6 - (-4 + 6)) - (-6 - -35).
-22
Calculate ((7 - 2) + 2 - 11) + 12.
8
(10 - (7 - 30)) + -18
15
What is (-2 - (1 + 5)) + 6 + -15 + 13?
-4
What is the value of 2 + 1 + (4 - -6) + -12?
1
Evaluate 5 - 10 - (0 - 15).
10
(6 - (-4 - -7 - 3)) + (4 - 19)
-9
What is (203 - 202) + 12 + 1?
